e the highest common divisor of 72 and 8192.
8
What is the highest common factor of 36182 and 92974?
458
What is the greatest common factor of 605 and 2189?
11
Calculate the highest common factor of 12 and 19949244.
12
Calculate the greatest common factor of 556 and 270772.
556
Calculate the highest common divisor of 60305 and 70.
35
Calculate the greatest common factor of 755 and 30049.
151
Calculate the highest common factor of 310097 and 725.
29
Calculate the greatest common factor of 108240 and 16728.
984
What is the highest common divisor of 114099 and 3723?
219
Calculate the highest common divisor of 23278 and 13786.
226
What is the greatest common divisor of 1386 and 33656?
14
What is the greatest common factor of 32435 and 65?
65
Calculate the highest common divisor of 217885 and 40.
5
Calculate the highest common divisor of 15708 and 1050.
42
Calculate the highest common factor of 129 and 528.
3
What is the highest common factor of 2430 and 504765?
135
Calculate the greatest common factor of 16465 and 8880.
185
What is the highest common factor of 91185 and 30?
15
What is the greatest common divisor of 168 and 305508?
84
What is the greatest common factor of 61 and 242414?
61
Calculate the highest common divisor of 1600 and 57088.
64
What is the highest common factor of 9384 and 1486536?
552
What is the greatest common factor of 12184 and 34?
2
What is the greatest common factor of 28443 and 57?
57
What is the greatest common divisor of 4 and 133148?
4
Calculate the highest common factor of 30657 and 462.
33
What is the highest common factor of 111 and 7104?
111
Calculate the highest common factor of 7276 and 19601.
17
Calculate the greatest common factor of 1715520 and 60.
60
What is the highest common factor of 30618 and 1890?
378
Calculate the greatest common factor of 6315 and 14775.
15
What is the highest common divisor of 84 and 666078?
42
What is the highest common factor of 4610 and 270?
10
Calculate the highest common divisor of 13548 and 588.
12
Calculate the highest common factor of 54 and 127278.
54
Calculate the greatest common factor of 70615 and 2320.
145
What is the greatest common divisor of 16694 and 102?
34
Calculate the greatest common factor of 27280 and 330.
110
What is the greatest common divisor of 46404 and 504?
36
Calculate the highest common divisor of 444 and 755133.
111
Calculate the greatest common factor of 609 and 12005826.
609
What is the highest common factor of 494 and 170677?
247
Calculate the highest common factor of 8796326 and 28.
14
What is the greatest common divisor of 2268144 and 3420?
684
Calculate the greatest common factor of 122842 and 748.
34
What is the highest common divisor of 1440 and 7170?
30
What is the greatest common factor of 1589967 and 27?
9
Calculate the greatest common factor of 302028 and 108.
12
What is the highest common divisor of 79304 and 3726?
46
Calculate the highest common divisor of 7619 and 1026.
19
Calculate the highest common divisor of 435 and 27945.
15
Calculate the highest common divisor of 402544 and 21684.
556
What is the highest common factor of 6885 and 24300?
405
Calculate the greatest common factor of 558 and 8649.
279
Calculate the greatest common factor of 5540 and 140.
20
Calculate the greatest common factor of 31160 and 228.
76
Calculate the greatest common factor of 93 and 10757.
31
Calculate the highest common factor of 64 and 62576.
16
What is the greatest common factor of 30785 and 16215?
235
What is the highest common divisor of 542010 and 267?
267
What is the highest common factor of 1950 and 2262?
78
Calculate the greatest common divisor of 3597 and 4499.
11
Calculate the greatest common factor of 3141 and 81.
9
What is the greatest common divisor of 29 and 80?
1
What is the greatest common divisor of 13806 and 252?
18
Calculate the greatest common factor of 1257154 and 114.
38
Calculate the greatest common factor of 2 and 11935.
1
Calculate the greatest common factor of 2430 and 25190.
10
What is the highest common factor of 26 and 3559114?
26
What is the greatest common factor of 264630 and 30?
30
What is the highest common divisor of 32387 and 417?
139
What is the highest common divisor of 14 and 1230082?
14
What is the highest common factor of 5177 and 89512?
167
Calculate the greatest common divisor of 1960 and 93884.
196
Calculate the greatest common factor of 24 and 25446.
6
What is the greatest common divisor of 7 and 37123?
1
What is the greatest common divisor of 4560986 and 158?
158
What is the greatest common factor of 416034 and 1044?
522
Calculate the greatest common factor of 1276 and 91916.
44
Calculate the highest common divisor of 5052 and 948.
12
Calculate the highest common divisor of 240635 and 425.
85
What is the greatest common divisor of 15 and 330?
15
What is the highest common factor of 32 and 4536?
8
Calculate the greatest common factor of 140 and 10612.
28
What is the highest common factor of 109599 and 14637?
357
Calculate the greatest common divisor of 245 and 237895.
245
Calculate the highest common divisor of 1125 and 4575.
75
Calculate the highest common divisor of 509003 and 22.
11
Calculate the highest common divisor of 216 and 91071.
27
Calculate the highest common divisor of 17261 and 82.
41
What is the greatest common divisor of 2584 and 1088?
136
Calculate the greatest common divisor of 56025 and 300.
75
What is the greatest common divisor of 48 and 796152?
24
Calculate the highest common divisor of 216 and 4505868.
108
Calculate the greatest common divisor of 1747810 and 190.
190
Calculate the greatest common factor of 222617 and 92.
23
What is the highest common factor of 36 and 114066?
18
What is the greatest common divisor of 576 and 906144?
96
Calculate the greatest common factor of 102 and 421566.
102
Calculate the greatest common divisor of 14725 and 48925.
475
What is the highest common factor of 4097161 and 3095?
619
What is the highest common factor of 2375 and 2945?
95
What is the greatest common factor of 1140 and 2260?
20
What is the greatest common divisor of 161 and 3749?
23
What is the highest common divisor of 23123 and 71803?
1217
Calculate the highest common divisor of 86 and 903473.
43
Calculate the greatest common factor of 2563708 and 2.
2
What is the highest common factor of 45 and 292473?
9
What is the greatest common divisor of 11 and 2064271?
11
What is the highest common divisor of 191 and 307?
1
Calculate the greatest common factor of 7714 and 18753.
133
What is the greatest common factor of 897 and 2875?
23
What is the highest common factor of 1476 and 2624?
164
What is the highest common factor of 161313 and 102?
51
What is the highest common factor of 725 and 450?
25
Calculate the highest common factor of 10024 and 280.
56
What is the greatest common factor of 393 and 957741?
393
Calculate the greatest common divisor of 405945 and 1085.
155
Calculate the highest common divisor of 584 and 124.
4
What is the highest common factor of 15051 and 6228?
519
What is the greatest common divisor of 840 and 2745?
15
Calculate the greatest common factor of 478686 and 208.
26
Calculate the greatest common divisor of 2380704 and 192.
96
Calculate the highest common factor of 815 and 245.
5
What is the greatest common factor of 216 and 8154?
54
Calculate the greatest common factor of 4804 and 2023685.
1201
What is the greatest common factor of 319192 and 136?
136
What is the greatest common factor of 185 and 3981940?
185
What is the highest common factor of 544490 and 60?
10
Calculate the highest common divisor of 507 and 137982.
39
What is the highest common factor of 6528 and 912?
48
What is the highest common factor of 13416 and 1794?
78
Calculate the greatest common factor of 22150 and 110.
10
Calculate the highest common divisor of 434 and 6944.
434
Calculate the greatest common factor of 8137509 and 379.
379
What is the greatest common divisor of 695229 and 171?
57
Calculate the highest common factor of 3989012 and 684.
76
Calculate the highest common divisor of 14370 and 120.
30
What is the highest common divisor of 152 and 138168?
152
What is the highest common factor of 400 and 50?
50
Calculate the highest common divisor of 10905 and 30.
15
What is the highest common factor 